he prime factors of n?
2, 13
Let n be (-5)/(-2) + 3/6. Suppose h + 3*t = 2*t + 44, -n*h = -4*t - 111. Suppose -i - h = -3*i - 5*r, 3*r = 5*i - 118. What are the prime factors of i?
23
Suppose 247 = 4*n + 55. Suppose -313 + n = -5*j. What are the prime factors of j?
53
Suppose -7*z - 5*w = -3*z - 1711, z - 5*w - 459 = 0. List the prime factors of z.
2, 7, 31
Let o = 110 + -54. Let j = 24 - 59. Let z = j + o. List the prime factors of z.
3, 7
Suppose -4*l = -o + 6 + 5, 2*o - 28 = 2*l. Let n = o - 12. What are the prime factors of (-12 + -1)/(2 - n)?
13
Let s be (-19)/(-76) + 1493/(-4). Let g = 733 + s. Suppose -7*l + g = -2*l. List the prime factors of l.
2, 3
List the prime factors of (-7824)/(-64)*(6 + -2).
3, 163
Suppose 0 = 127*v - 133*v + 10116. List the prime factors of v.
2, 3, 281
Suppose 82*j - 24*j = 183976. List the prime factors of j.
2, 13, 61
Let o(s) = 8*s**3 + s**2 + 3. Let q(y) = 7*y - 39. Let i be q(6). List the prime factors of o(i).
2, 3, 19
Suppose -18*g + 102 = -16*g. What are the prime factors of g?
3, 17
Let j be (7/4)/(-1 - (-685)/680). What are the prime factors of (7 + j/(-35))*229*5?
229
Let p = 336 + 391. What are the prime factors of p?
727
Suppose 0*b = -4*b - 4. What are the prime factors of (-126)/(b*(0 - -1))?
2, 3, 7
Let l(t) = t**3 + 13*t**2 - 5*t - 19. Suppose -18 = -v - 31. What are the prime factors of l(v)?
2, 23
Suppose -2*a + a = -30. List the prime factors of (-264)/a*15/(-2).
2, 3, 11
Suppose 0 = -5*s + 4*k, -33 = -2*s - 3*k - 2*k. Suppose s*u = 633 - 121. List the prime factors of u.
2
Let z(w) = -w**3 - 18*w**2 - 51*w - 86. List the prime factors of z(-19).
2, 311
What are the prime factors of (-11167)/(-26) + (-7)/(-2) + -2?
431
What are the prime factors of (1/4)/((-35)/(-132860))?
13, 73
List the prime factors of (13/(-39) - (-940)/3)*1.
313
Let l = 185 - -836. List the prime factors of l.
1021
Let g = 15 - 21. Let y be 1/(-3)*(6 + g). Suppose y = -5*m - 5*b + 25, -2*m + 0*m - 3*b = -9. List the prime factors of m.
2, 3
Suppose -7825 - 3369 = -4*u + 2*b, -5*b + 5567 = 2*u. What are the prime factors of u?
2, 3, 233
Let n be -1*(-3)/6*0. Suppose 4*f + 4*c - 368 = n, -272 = -2*f - f - c. List the prime factors of f.
2, 3, 5
Let f = -46 + 37. Let q be 96*((-5)/(-4) - -1). What are the prime factors of (1/(-3))/(f/q)?
2
Suppose 1 - 4 = t + 2*n, 0 = -4*t + 2*n - 12. Let c be -21 - ((-1 - -7) + t). What are the prime factors of c/(-16)*(-124)/(-6)?
31
Suppose 3*b - 5*n = 5 + 10, -4*n - 15 = -3*b. Suppose s = o + 32, 3*s + 2*o - b - 76 = 0. What are the prime factors of s?
29
Let v(y) = -y**3 - 9*y**2 - 15*y - 5. Let h be v(-7). Suppose 0 = -3*k - 6, h*w + 0*k - 3*k - 146 = 0. List the prime factors of w.
2, 5, 7
Let b(m) = 19*m + 3. Let c(l) = l**2 + 6*l - 14. Let a be c(2). What are the prime factors of b(a)?
41
Suppose -4*b - 5*u = -1316, -4*b + 1641 - 325 = -u. List the prime factors of b.
7, 47
Let t(p) = 80*p + 19. Let s be t(-8). What are the prime factors of 2/8 + s/(-12)?
2, 13
Suppose -21*n - 242 = -19*n. Let u = n - -171. List the prime factors of u.
2, 5
Let a(k) be the second derivative of -k**3/6 + 7*k**2 + 4*k. Let u(n) = 10*n**3 - n**2 - n - 1. Let d be u(-1). List the prime factors of a(d).
5
Let w = 10092 - 7151. What are the prime factors of w?
17, 173
Let s = 21 + -19. Suppose -b = -5*n + 32, 5*b = -n - n + s. Suppose -2*p - 16 = -n*p. List the prime factors of p.
2
Let p(d) = -32*d - 7. Let o(i) = -i**2 - 8*i - 9. Let a be o(-7). List the prime factors of p(a).
3, 19
Suppose 5*o = 2*x - 30, -4*x - 10 + 34 = -o. Suppose 5*m - 12 = 2*r, 7 = x*m + 6*r - 3*r. Suppose -148 = -2*q - m*q. List the prime factors of q.
37
Let v = -22 - -22. Suppose v = -4*l + 9*l - 75. What are the prime factors of (-1092)/(-30) + (-6)/l?
2, 3
Let z(g) = 53*g**3 + 7*g**2 - 4*g + 6. What are the prime factors of z(4)?
2, 1747
Let v(h) = -1 + 11*h + 4*h**2 + 9 - h**2 - 2*h. Let n be v(-6). Let d = n - 39. What are the prime factors of d?
23
Let x(n) = n**3 - 9*n**2 - 8*n - 13. Let w be x(10). Let s be 7 + w - (-1 + 5). Suppose s*l = 13*l - 69. List the prime factors of l.
23
Let u = 154 + -93. Let v = u + -32. What are the prime factors of v?
29
List the prime factors of 1925/4 + (-63)/(-84).
2, 241
Let a(f) = 4*f**2 - 10*f - 6. Let l be 10 - (-5)/((-25)/20). What are the prime factors of a(l)?
2, 3, 13
Let q(k) = -6*k + 13. Let v(x) = x. Let t(b) = q(b) + 5*v(b). Let n be t(-9). Suppose r - 12 = n. List the prime factors of r.
2, 17
Suppose 4*n - 5*s = 6221, 5171 = 5*n - 2*s - 2618. What are the prime factors of n?
1559
What are the prime factors of ((-3096)/48)/((-2)/12)?
3, 43
Let r(f) = -35*f**2 - f - 9. Let k(g) = 17*g**2 + 4. Let v(w) = 5*k(w) + 2*r(w). What are the prime factors of v(1)?
3, 5
Let u be 3/(-2)*204/(-9). Let d = 19 - u. What are the prime factors of (-3 + (-36)/d)*-10?
2, 3
Let v(o) = o**2 - 2*o - 4. Suppose 2*y - 2 = 6. Let g be v(y). Suppose 70 = g*q + q. List the prime factors of q.
2, 7
Let i(c) = 42*c**2 + 8*c + 28. What are the prime factors of i(4)?
2, 3, 61
Suppose -5*y + 12 = -y. Suppose c = -4*b - 802, -140 - 854 = 5*b - y*c. What are the prime factors of 2/(-12) - b/48?
2
Let b = 0 - -3. Suppose 5*r = 3*o + 162, 71 = 3*r + b*o - 7. List the prime factors of r.
2, 3, 5
Let o = -55 - -83. What are the prime factors of -12*10/o*(-14)/3?
2, 5
Let i = 344 + -205. What are the prime factors of i?
139
Suppose -4*g - 5*a + 307 = -2308, 1285 = 2*g - 5*a. Let b = g + -443. List the prime factors of b.
3, 23
Let b = 22 + -16. Suppose 3*c = b*c - 33. What are the prime factors of (-239)/(-5) - c/(-55)?
2, 3
Let f = 46 + -78. Let h = -22 - f. What are the prime factors of h?
2, 5
Let h be (17 - 1/1)/2. Suppose -h*p = -p. Suppose -4*t + 104 = 4*c, 4*c + 72 = 4*t - p*c. What are the prime factors of t?
2, 11
Let q(n) = 242*n + 377. List the prime factors of q(7).
19, 109
Let t(r) = -3*r**2 + 24*r - 39. Let l(w) = 2*w**2 - 16*w + 26. Let q(y) = 7*l(y) + 5*t(y). Let d be q(6). Let a = 54 + d. List the prime factors of a.
53
Suppose -4 = z - 8. Suppose c + z = i - 0*c, 4*i = -3*c + 9. Suppose -x + i = 4, 17 = 2*n + x. What are the prime factors of n?
3
Let l(u) be the second derivative of u**3/2 + u**2/2 + 15*u. List the prime factors of l(12).
37
Suppose -4 = 3*o - 16. Suppose 120 = -o*b + 9*b. List the prime factors of b.
2, 3
Let o(a) = -4*a**3 + 3*a**2 - 2. Let d be o(-2). Let n = d - -58. What are the prime factors of n?
2, 5
Suppose 0 = -2*n + 2*v - 4, 4*n = v - 1 - 10. Let h be 262/(-10) + n/(-15). Let d = 52 + h. List the prime factors of d.
2, 13
Let o(y) = -19*y**3 - 6*y**2 + 42*y + 121. List the prime factors of o(-7).
2, 5, 11
List the prime factors of (12628/132)/(3/36).
2, 7, 41
Let b(y) = -3*y - 12. Let u = 19 + -35. What are the prime factors of b(u)?
2, 3
Suppose -5*f - 18 = -6*f + 3*g, 0 = -2*f + 3*g + 33. Suppose 0 = f*r - 16*r + 132. What are the prime factors of r?
2, 3, 11
Let h = 33 + -27. List the prime factors of (-8)/(-10)*(h - -54).
2, 3
Let j(c) = 390*c + 86. What are the prime factors of j(6)?
2, 1213
Let y = 516 + -414. List the prime factors of y.
2, 3, 17
Let f be (-32)/(-40) + (-348)/10. Let b = 63 + f. What are the prime factors of b?
29
Let h = 2537 - 1857. List the prime factors of h.
2, 5, 17
Suppose 15*z - 5349 = -3*q + 13*z, 4*z = -2*q + 3558. List the prime factors of q.
3, 5, 7, 17
Suppose 3*w = 0, 138*h - 135*h + 4*w = 9129. List the prime factors of h.
17, 179
Suppose j = 4*g + 298, 2*j - 6*g + 3*g - 596 = 0. List the prime factors of j.
2, 149
Suppose 0 = -80*w + 81*w - 282. What are the prime factors of w?
2, 3, 47
Let n(p) = 2*p**2 + 7*p - 5. Suppose -6*v + 2*v = -12. Let z = -3 - v. List the prime factors of n(z).
5
Let z(l) = 17*l - 6. Let r(v) = -6*v + 2. Let s(y) = 7*r(y) + 2*z(y). Suppose 25 = -5*g + 5*h, -5*h + 26 = -2*g + 4. What are the prime factors of s(g)?
2, 5
Let h(q) = q**3 + 17*q**2 - 13*q - 45. Let u be h(-18). Let y = 12 - u. List the prime factors of y.
3, 7
Let q be 0/(-2 - -4 - 3). Suppose -4*x - 5*y + 586 = q, 0*x - y = -2*x + 286. List the prime factors of x.
2, 3
Let s be (-1 + (5 - 70))/((-3)/2). Suppose s = n - 49. What are the prime factors of n?
3, 31
Suppose -122*p + 232960 = -42*p. List the prime factors of p.
2, 7, 13